/10. Suppose -c = -j - t + 82, 632 = 5*j + t. Calculate the greatest common divisor of 14 and j.
14
Let c = -337 - -571. Calculate the greatest common divisor of c and 26.
26
Let l = -4 + 58. Calculate the greatest common factor of l and 135.
27
Let h be -3*1*(-3)/(-3). Let f(u) = u**2 - u. Let p be f(-2). Let w = p + h. Calculate the highest common factor of w and 6.
3
Suppose 5*y - 28 = -5*s + 17, -y + 3 = -s. Let m = 9 - y. Calculate the greatest common factor of m and 24.
3
Suppose 0*s + 12 = s. What is the greatest common factor of 8 and s?
4
Let v = -18 + 65. Suppose 4*g - v - 73 = 0. Suppose -5*p - 4*d = -38, -4*p = 4*d - 6*d - 46. What is the highest common factor of g and p?
10
Let p = 3 + 0. Suppose -3*m + 4*o = 126, -4*o + 129 = -p*m + o. Let g be m/(-10) - (-2)/10. Calculate the greatest common divisor of 20 and g.
4
Let i(b) be the first derivative of b**3/3 + 3*b**2/2 + 7*b - 1. Let r be i(7). Let c be (-1 - 1)/((-2)/7). What is the highest common divisor of c and r?
7
Suppose -d = 1, 4*a - 251 - 135 = 2*d. What is the highest common factor of a and 6?
6
Let q(m) = m**2 - 31. Let u be q(-9). What is the greatest common divisor of u and 75?
25
Let i = -24 + 79. What is the greatest common factor of i and 5?
5
Let a = -85 - -33. Let v = -37 - a. What is the highest common divisor of v and 15?
15
Let j = -6 + 19. What is the greatest common factor of j and 273?
13
Suppose 0 = 3*q - 4*q + 14. What is the greatest common divisor of q and 35?
7
Suppose 0 = -6*a + 3*a - 6. Let l be 732/30 + a/5. Calculate the greatest common divisor of 168 and l.
24
Suppose -2*v - 5*s = 13, -2*v = -3*s + 6 - 1. Let d be (12/v)/(2/(-16)). Calculate the greatest common factor of 3 and d.
3
Let r = -8 + 9. Let b be 0/(4 - (2 + r)). Suppose b = 5*t - 0*t - 245. What is the greatest common factor of t and 7?
7
Let z(x) = 80*x. Let n be z(1). Let b be 2/2 - (21 - -5). Let j = -15 - b. Calculate the highest common divisor of j and n.
10
Let h = -5 + 4. Let d be (0 - h)*(1 - -76). What is the highest common factor of d and 11?
11
Suppose -4*l - 84 = -5*l. What is the greatest common divisor of l and 60?
12
Suppose 0 = 5*l - 5*r + 15, r + 10 = 2*l + 3*r. Let i be ((-45)/(-6))/(l/6). Let z be ((-10)/8)/((-1)/4). What is the greatest common divisor of i and z?
5
Let i(o) = -21*o - 1. Let s be i(-1). Let l(f) = -12*f + 16. Let w be l(-17). What is the highest common divisor of s and w?
20
Let a(k) = k**3. Let p be a(1). Let l(c) = c + 2. Let v be l(2). What is the highest common factor of p and v?
1
Let i(b) = 2*b**2 - 4*b + 3. Let y be i(2). Suppose -5*q = c - 35, y*c - 3*q - q = 48. Calculate the greatest common divisor of 80 and c.
20
Let t(j) = 10*j**2 - j + 1. Suppose 0 = w - 6*w + 15. Let z be t(w). What is the greatest common divisor of 11 and z?
11
Let q = 7 - -10. Let b = -72 - -174. Let t = -68 + b. Calculate the greatest common factor of q and t.
17
Let m be 1 + (23 - 3 - -2). Calculate the highest common divisor of m and 115.
23
Suppose -s = -5*s + 16. Suppose -3*y + 8 = -88. What is the highest common factor of s and y?
4
Let z = -75 + 81. Calculate the greatest common factor of z and 3.
3
Let s = 21 + -12. Let f(l) = 2*l - 12. Let v be f(s). Calculate the highest common divisor of 54 and v.
6
Suppose -x = 11 - 19. What is the highest common divisor of x and 2?
2
Suppose 2*x - 7*x = -4*a - 46, -a - 29 = -3*x. What is the greatest common divisor of 10 and x?
10
Suppose 0 = 5*q - 19 + 4. Suppose 20 = -5*n, -4*n - 14 = -3*y + 2*y. Let o be 0 + (-2)/y*3. Calculate the greatest common factor of q and o.
3
Suppose 1 = -2*i + 3*u, -3*i - u = 4*u - 46. What is the highest common divisor of i and 49?
7
Let g(t) be the second derivative of t**4/12 - 4*t**3/3 - 3*t**2 - t. Let j be g(9). Calculate the highest common factor of j and 12.
3
Suppose 0 = 3*n + m - 69, -5*n + 2*m = -0*m - 115. Suppose 94 = -2*l + 278. What is the highest common factor of n and l?
23
Suppose f = 2*r - 43, -3*f = -4*r - 8*f + 79. Calculate the greatest common divisor of 21 and r.
21
Let z(y) = -y**3 - 4*y**2 - 2*y - 2. Let v be z(-4). Suppose 5*r - v - 4 = 0. Suppose d - 27 = -r*d. Calculate the greatest common divisor of d and 27.
9
Suppose 0 = -23*f + 5*f + 1080. What is the greatest common divisor of f and 100?
20
Suppose -3*b = -4*f + 59, 0*f - b - 15 = -f. Calculate the greatest common factor of 14 and f.
14
Let l be 7/(-7) + (18 - -1). Calculate the highest common divisor of 72 and l.
18
Suppose -o + 9 = -2*f, -7*f - 9 = -o - 11*f. What is the greatest common factor of 36 and o?
9
Let m be 7 + -1*(-9)/(-3). Suppose 3*f + 7 = m*f. Suppose -g + 14 = -0*g. What is the greatest common divisor of f and g?
7
Suppose -4*p = -y - 95, -95 - 3 = -4*p + 2*y. Let q = p + -14. What is the highest common divisor of q and 9?
9
Let s(k) = 2*k - 4. Let u be s(5). Suppose 0 = -2*z + 4*z - 12. What is the greatest common factor of z and u?
6
Suppose 2*b = -0*d + 3*d + 34, -3*d + 50 = 4*b. Calculate the greatest common factor of b and 56.
14
Let z = 74 + -22. What is the highest common factor of 13 and z?
13
Suppose 5*h = -6 + 96. What is the greatest common divisor of 54 and h?
18
Let l be 1071/35 - 4/(-10). What is the highest common divisor of l and 155?
31
Let k be (-60)/14 - 2/(-7). Let i be k/(-32)*50*4. What is the greatest common factor of i and 10?
5
Suppose -4*v + 3*h = -36, -5*v - 30 = h - 75. What is the highest common factor of v and 9?
9
Suppose -4*p = b - 19, b - 118 = -3*b - 2*p. What is the highest common divisor of 62 and b?
31
Suppose -h - 3*r - 7 = -4, 4*r = 3*h - 17. What is the highest common divisor of 2 and h?
1
Let h(y) = 2*y**2 + 5*y + 2. Let r be h(-4). Suppose -3*x + 4*x = 7. Calculate the greatest common divisor of x and r.
7
Let f be 42/(-9)*63/(-2). Suppose f = 5*t + 3*x, x = -t + 5*t - 121. Let j(h) = -h**3 + h + 12. Let l be j(0). Calculate the greatest common factor of t and l.
6
Let m(d) = 31*d + 1. Let v be m(2). Let y = 88 - v. What is the highest common factor of y and 5?
5
Suppose 2*q + 5*n + 1 - 3 = 0, 5 = -q - n. Let t = 3 - q. Calculate the highest common factor of 6 and t.
6
Let u = -20 - -26. Let r(l) = -2*l**3 - 3*l**2 + 5*l + 6. Let a = -7 - -3. Let i be r(a). What is the highest common divisor of i and u?
6
Suppose -2*j + 82 = 5*f, 3*f + j = 6*f - 58. What is the greatest common factor of f and 198?
18
Suppose 0 = 2*m + 2*h, 3*h = 4*m + 9 - 37. Suppose -2*w + 247 = 5*d, 4*d = m*w - 98 + 290. Calculate the greatest common factor of d and 7.
7
Suppose 0 = -5*d - 4*h + 380, -6*d + 90 = -5*d - 2*h. What is the greatest common divisor of d and 16?
16
Let z be (-42)/70 + (-566)/(-10). What is the greatest common divisor of z and 8?
8
Let y be -2 + 3 + -1 + 2. Suppose -2*j + 36 = y. What is the highest common factor of 119 and j?
17
Let j = -5 + 8. Let r(h) = h**3 + 9*h**2 + h - 8. Let f be r(-8). Suppose -j*n - n = -f. Calculate the highest common factor of 24 and n.
12
Let h be (2/(-4))/((-8)/(-176)). Let l = 22 + h. Calculate the greatest common factor of 33 and l.
11
Let o = 2 + 10. Suppose -32 = -4*l + o. Calculate the highest common divisor of 33 and l.
11
Let t = -59 + 76. What is the greatest common factor of 187 and t?
17
Suppose -3*r - 13 = -2*j + 24, 3*j = 3*r + 63. Calculate the greatest common divisor of 286 and j.
26
Let h = 0 - -2. Let i be ((-24)/h)/4 - -69. Calculate the highest common divisor of 44 and i.
22
Let p(m) = -2*m + 7. Let i = 2 - 11. Let h be p(i). Suppose 4*x = -2*z, x + 11 = 2*z - 14. What is the greatest common divisor of h and z?
5
Suppose 0 = -2*f + 7*f - 145. Suppose 0 = o + 4*o + y - f, 3*y = o - 9. Calculate the greatest common factor of 3 and o.
3
Suppose m - 4*m + 12 = 0. Suppose -3*a + 5*n - 75 = -8*a, m*a - 2*n - 42 = 0. What is the greatest common divisor of a and 6?
6
Suppose k + 3*k = 8. Suppose 0 = -2*w + 4*w - 16. Calculate the greatest common factor of w and k.
2
Let s = 85 + -72. Calculate the greatest common divisor of 13 and s.
13
Let j = -29 + 32. What is the greatest common factor of 3 and j?
3
Let j = 40 - 16. Suppose -4*u = -4*z - j, 4*z + 0*z - 46 = -3*u. What is the highest common factor of 2 and u?
2
Let z be (-2)/(-4)*(7 + -5). Let m(t) = 4*t - 6*t - 3 - z. Let h be m(-3). What is the highest common 